{"id":653,"date":"2015-07-12T10:43:42","date_gmt":"2015-07-12T10:43:42","guid":{"rendered":"http:\/\/www.radio-science.eu\/?page_id=653"},"modified":"2023-11-13T13:50:13","modified_gmt":"2023-11-13T13:50:13","slug":"neutralatmosphaeremars","status":"publish","type":"page","link":"https:\/\/fip-koeln.de\/en_us\/missionen-und-ziele\/mars-express\/neutralatmosphaeremars\/","title":{"rendered":"Neutral Atmosphere"},"content":{"rendered":"<h1 class=\"wp-block-heading\">The Mars atmosphere<\/h1>\n\n\n\n<p>Today, Mars is characterized by its extremely thin, dry, and cold atmosphere, predominantly composed of carbon dioxide. Changes in solar radiation result in pronounced diurnal variations in the atmosphere due to the very low surface pressure of only 4 mbar. Temperatures can fluctuate significantly during the day, ranging from -125\u00b0C to +35\u00b0C. Furthermore, Mars lacks oceans like Earth, which could buffer these temperature changes. The Mars axis of rotation is tilted at approximately 25\u00b0, similar to Earth, leading to seasons on Mars. These seasons vary in duration and intensity due to Mars' highly elliptical orbit around the sun. A substantial portion of the atmospheric carbon dioxide (~30%) condenses over the polar caps during the winter hemisphere's very low temperatures and sublimates in the following spring.<\/p>\n\n\n\n<p>Periodically, the entire planet experiences global dust storms caused by high atmospheric variability and low atmospheric pressure, lasting for weeks. These dust storms induce significant changes in Mars' global climate.<\/p>","protected":false},"excerpt":{"rendered":"<p>Die Mars-Atmosph\u00e4re Heutzutage wird der Mars durch seine extrem d\u00fcnne, trockene und kalte Atmosph\u00e4re charakterisiert, die haupts\u00e4chlich aus Kohlendioxid besteht. Ver\u00e4nderungen in der solaren Einstrahlung f\u00fchren aufgrund des sehr niedrigen Oberfl\u00e4chendrucks von nur 4 mbar zu ausgepr\u00e4gten tageszeitlichen Ver\u00e4nderungen in der Atmosph\u00e4re. Teilweise k\u00f6nnen die Temperaturen im Tagesverlauf zwischen -125\u00b0 C und +35\u00b0 C schwanken. [&hellip;]<\/p>\n","protected":false},"author":1,"featured_media":0,"parent":76,"menu_order":0,"comment_status":"closed","ping_status":"closed","template":"","meta":{"_uag_custom_page_level_css":"","site-sidebar-layout":"default","site-content-layout":"","ast-site-content-layout":"default","site-content-style":"default","site-sidebar-style":"default","ast-global-header-display":"","ast-banner-title-visibility":"","ast-main-header-display":"","ast-hfb-above-header-display":"","ast-hfb-below-header-display":"","ast-hfb-mobile-header-display":"","site-post-title":"disabled","ast-breadcrumbs-content":"","ast-featured-img":"","footer-sml-layout":"","ast-disable-related-posts":"","theme-transparent-header-meta":"","adv-header-id-meta":"","stick-header-meta":"","header-above-stick-meta":"","header-main-stick-meta":"","header-below-stick-meta":"","astra-migrate-meta-layouts":"","ast-page-background-enabled":"default","ast-page-background-meta":{"desktop":{"background-color":"var(--ast-global-color-4)","background-image":"","background-repeat":"repeat","background-position":"center center","background-size":"auto","background-attachment":"scroll","background-type":"","background-media":"","overlay-type":"","overlay-color":"","overlay-opacity":"","overlay-gradient":""},"tablet":{"background-color":"","background-image":"","background-repeat":"repeat","background-position":"center center","background-size":"auto","background-attachment":"scroll","background-type":"","background-media":"","overlay-type":"","overlay-color":"","overlay-opacity":"","overlay-gradient":""},"mobile":{"background-color":"","background-image":"","background-repeat":"repeat","background-position":"center center","background-size":"auto","background-attachment":"scroll","background-type":"","background-media":"","overlay-type":"","overlay-color":"","overlay-opacity":"","overlay-gradient":""}},"ast-content-background-meta":{"desktop":{"background-color":"var(--ast-global-color-5)","background-image":"","background-repeat":"repeat","background-position":"center center","background-size":"auto","background-attachment":"scroll","background-type":"","background-media":"","overlay-type":"","overlay-color":"","overlay-opacity":"","overlay-gradient":""},"tablet":{"background-color":"var(--ast-global-color-5)","background-image":"","background-repeat":"repeat","background-position":"center center","background-size":"auto","background-attachment":"scroll","background-type":"","background-media":"","overlay-type":"","overlay-color":"","overlay-opacity":"","overlay-gradient":""},"mobile":{"background-color":"var(--ast-global-color-5)","background-image":"","background-repeat":"repeat","background-position":"center center","background-size":"auto","background-attachment":"scroll","background-type":"","background-media":"","overlay-type":"","overlay-color":"","overlay-opacity":"","overlay-gradient":""}},"footnotes":""},"class_list":["post-653","page","type-page","status-publish","hentry"],"yoast_head":"<!-- This site is optimized with the Yoast SEO plugin v27.4 - https:\/\/yoast.com\/product\/yoast-seo-wordpress\/ -->\n<title>Neutralatmosph\u00e4re - Radio Science<\/title>\n<meta name=\"description\" content=\"Die Mars Atmosph\u00e4re ist durch die geringe Masse des Planeten sehr d\u00fcnn. Dennoch steht auch sie ganz besonders im Fokus der Forschung.\" \/>\n<meta name=\"robots\" content=\"index, follow, max-snippet:-1, max-image-preview:large, max-video-preview:-1\" \/>\n<link rel=\"canonical\" href=\"https:\/\/fip-koeln.de\/en_us\/missionen-und-ziele\/mars-express\/neutralatmosphaeremars\/\" \/>\n<meta property=\"og:locale\" content=\"en_US\" \/>\n<meta property=\"og:type\" content=\"article\" \/>\n<meta property=\"og:title\" content=\"Neutralatmosph\u00e4re - Radio Science\" \/>\n<meta property=\"og:description\" content=\"Die Mars Atmosph\u00e4re ist durch die geringe Masse des Planeten sehr d\u00fcnn. Dennoch steht auch sie ganz besonders im Fokus der Forschung.\" \/>\n<meta property=\"og:url\" content=\"https:\/\/fip-koeln.de\/en_us\/missionen-und-ziele\/mars-express\/neutralatmosphaeremars\/\" \/>\n<meta property=\"og:site_name\" content=\"Radio Science\" \/>\n<meta property=\"article:modified_time\" content=\"2023-11-13T13:50:13+00:00\" \/>\n<meta name=\"twitter:card\" content=\"summary_large_image\" \/>\n<meta name=\"twitter:label1\" content=\"Est. reading time\" \/>\n\t<meta name=\"twitter:data1\" content=\"1 minute\" \/>\n<script type=\"application\/ld+json\" class=\"yoast-schema-graph\">{\"@context\":\"https:\\\/\\\/schema.org\",\"@graph\":[{\"@type\":\"WebPage\",\"@id\":\"https:\\\/\\\/fip-koeln.de\\\/missionen-und-ziele\\\/mars-express\\\/neutralatmosphaeremars\\\/\",\"url\":\"https:\\\/\\\/fip-koeln.de\\\/missionen-und-ziele\\\/mars-express\\\/neutralatmosphaeremars\\\/\",\"name\":\"Neutralatmosph\u00e4re - Radio Science\",\"isPartOf\":{\"@id\":\"https:\\\/\\\/fip-koeln.de\\\/#website\"},\"datePublished\":\"2015-07-12T10:43:42+00:00\",\"dateModified\":\"2023-11-13T13:50:13+00:00\",\"description\":\"Die Mars Atmosph\u00e4re ist durch die geringe Masse des Planeten sehr d\u00fcnn. Dennoch steht auch sie ganz besonders im Fokus der Forschung.\",\"breadcrumb\":{\"@id\":\"https:\\\/\\\/fip-koeln.de\\\/missionen-und-ziele\\\/mars-express\\\/neutralatmosphaeremars\\\/#breadcrumb\"},\"inLanguage\":\"en-US\",\"potentialAction\":[{\"@type\":\"ReadAction\",\"target\":[\"https:\\\/\\\/fip-koeln.de\\\/missionen-und-ziele\\\/mars-express\\\/neutralatmosphaeremars\\\/\"]}]},{\"@type\":\"BreadcrumbList\",\"@id\":\"https:\\\/\\\/fip-koeln.de\\\/missionen-und-ziele\\\/mars-express\\\/neutralatmosphaeremars\\\/#breadcrumb\",\"itemListElement\":[{\"@type\":\"ListItem\",\"position\":1,\"name\":\"Startseite\",\"item\":\"https:\\\/\\\/fip-koeln.de\\\/\"},{\"@type\":\"ListItem\",\"position\":2,\"name\":\"Missionen und Ziele\",\"item\":\"https:\\\/\\\/fip-koeln.de\\\/missionen-und-ziele\\\/\"},{\"@type\":\"ListItem\",\"position\":3,\"name\":\"Mars Express\",\"item\":\"https:\\\/\\\/fip-koeln.de\\\/missionen-und-ziele\\\/mars-express\\\/\"},{\"@type\":\"ListItem\",\"position\":4,\"name\":\"Neutralatmosph\u00e4re\"}]},{\"@type\":\"WebSite\",\"@id\":\"https:\\\/\\\/fip-koeln.de\\\/#website\",\"url\":\"https:\\\/\\\/fip-koeln.de\\\/\",\"name\":\"Radio Science\",\"description\":\"\",\"publisher\":{\"@id\":\"https:\\\/\\\/fip-koeln.de\\\/#organization\"},\"potentialAction\":[{\"@type\":\"SearchAction\",\"target\":{\"@type\":\"EntryPoint\",\"urlTemplate\":\"https:\\\/\\\/fip-koeln.de\\\/?s={search_term_string}\"},\"query-input\":{\"@type\":\"PropertyValueSpecification\",\"valueRequired\":true,\"valueName\":\"search_term_string\"}}],\"inLanguage\":\"en-US\"},{\"@type\":\"Organization\",\"@id\":\"https:\\\/\\\/fip-koeln.de\\\/#organization\",\"name\":\"Rheinisches Institut f\u00fcr Umweltforschung Abteilung Planetenforschung\",\"url\":\"https:\\\/\\\/fip-koeln.de\\\/\",\"logo\":{\"@type\":\"ImageObject\",\"inLanguage\":\"en-US\",\"@id\":\"https:\\\/\\\/fip-koeln.de\\\/#\\\/schema\\\/logo\\\/image\\\/\",\"url\":\"https:\\\/\\\/fip-koeln.de\\\/wp-content\\\/uploads\\\/2023\\\/11\\\/favicon_radio-science.eu_.jpg\",\"contentUrl\":\"https:\\\/\\\/fip-koeln.de\\\/wp-content\\\/uploads\\\/2023\\\/11\\\/favicon_radio-science.eu_.jpg\",\"width\":400,\"height\":400,\"caption\":\"Rheinisches Institut f\u00fcr Umweltforschung Abteilung Planetenforschung\"},\"image\":{\"@id\":\"https:\\\/\\\/fip-koeln.de\\\/#\\\/schema\\\/logo\\\/image\\\/\"}}]}<\/script>\n<!-- \/ Yoast SEO plugin. -->","yoast_head_json":{"title":"Neutralatmosph\u00e4re - Radio Science","description":"Die Mars Atmosph\u00e4re ist durch die geringe Masse des Planeten sehr d\u00fcnn. Dennoch steht auch sie ganz besonders im Fokus der Forschung.","robots":{"index":"index","follow":"follow","max-snippet":"max-snippet:-1","max-image-preview":"max-image-preview:large","max-video-preview":"max-video-preview:-1"},"canonical":"https:\/\/fip-koeln.de\/en_us\/missionen-und-ziele\/mars-express\/neutralatmosphaeremars\/","og_locale":"en_US","og_type":"article","og_title":"Neutralatmosph\u00e4re - Radio Science","og_description":"Die Mars Atmosph\u00e4re ist durch die geringe Masse des Planeten sehr d\u00fcnn. Dennoch steht auch sie ganz besonders im Fokus der Forschung.","og_url":"https:\/\/fip-koeln.de\/en_us\/missionen-und-ziele\/mars-express\/neutralatmosphaeremars\/","og_site_name":"Radio Science","article_modified_time":"2023-11-13T13:50:13+00:00","twitter_card":"summary_large_image","twitter_misc":{"Est. reading time":"1 minute"},"schema":{"@context":"https:\/\/schema.org","@graph":[{"@type":"WebPage","@id":"https:\/\/fip-koeln.de\/missionen-und-ziele\/mars-express\/neutralatmosphaeremars\/","url":"https:\/\/fip-koeln.de\/missionen-und-ziele\/mars-express\/neutralatmosphaeremars\/","name":"Neutralatmosph\u00e4re - Radio Science","isPartOf":{"@id":"https:\/\/fip-koeln.de\/#website"},"datePublished":"2015-07-12T10:43:42+00:00","dateModified":"2023-11-13T13:50:13+00:00","description":"Die Mars Atmosph\u00e4re ist durch die geringe Masse des Planeten sehr d\u00fcnn. Dennoch steht auch sie ganz besonders im Fokus der Forschung.","breadcrumb":{"@id":"https:\/\/fip-koeln.de\/missionen-und-ziele\/mars-express\/neutralatmosphaeremars\/#breadcrumb"},"inLanguage":"en-US","potentialAction":[{"@type":"ReadAction","target":["https:\/\/fip-koeln.de\/missionen-und-ziele\/mars-express\/neutralatmosphaeremars\/"]}]},{"@type":"BreadcrumbList","@id":"https:\/\/fip-koeln.de\/missionen-und-ziele\/mars-express\/neutralatmosphaeremars\/#breadcrumb","itemListElement":[{"@type":"ListItem","position":1,"name":"Startseite","item":"https:\/\/fip-koeln.de\/"},{"@type":"ListItem","position":2,"name":"Missionen und Ziele","item":"https:\/\/fip-koeln.de\/missionen-und-ziele\/"},{"@type":"ListItem","position":3,"name":"Mars Express","item":"https:\/\/fip-koeln.de\/missionen-und-ziele\/mars-express\/"},{"@type":"ListItem","position":4,"name":"Neutralatmosph\u00e4re"}]},{"@type":"WebSite","@id":"https:\/\/fip-koeln.de\/#website","url":"https:\/\/fip-koeln.de\/","name":"Radio Science","description":"","publisher":{"@id":"https:\/\/fip-koeln.de\/#organization"},"potentialAction":[{"@type":"SearchAction","target":{"@type":"EntryPoint","urlTemplate":"https:\/\/fip-koeln.de\/?s={search_term_string}"},"query-input":{"@type":"PropertyValueSpecification","valueRequired":true,"valueName":"search_term_string"}}],"inLanguage":"en-US"},{"@type":"Organization","@id":"https:\/\/fip-koeln.de\/#organization","name":"Rheinisches Institut f\u00fcr Umweltforschung Abteilung Planetenforschung","url":"https:\/\/fip-koeln.de\/","logo":{"@type":"ImageObject","inLanguage":"en-US","@id":"https:\/\/fip-koeln.de\/#\/schema\/logo\/image\/","url":"https:\/\/fip-koeln.de\/wp-content\/uploads\/2023\/11\/favicon_radio-science.eu_.jpg","contentUrl":"https:\/\/fip-koeln.de\/wp-content\/uploads\/2023\/11\/favicon_radio-science.eu_.jpg","width":400,"height":400,"caption":"Rheinisches Institut f\u00fcr Umweltforschung Abteilung Planetenforschung"},"image":{"@id":"https:\/\/fip-koeln.de\/#\/schema\/logo\/image\/"}}]}},"uagb_featured_image_src":{"full":false,"thumbnail":false,"medium":false,"medium_large":false,"large":false,"1536x1536":false,"2048x2048":false,"trp-custom-language-flag":false},"uagb_author_info":{"display_name":"Admin","author_link":"https:\/\/fip-koeln.de\/en_us\/author\/admin\/"},"uagb_comment_info":0,"uagb_excerpt":"Die Mars-Atmosph\u00e4re Heutzutage wird der Mars durch seine extrem d\u00fcnne, trockene und kalte Atmosph\u00e4re charakterisiert, die haupts\u00e4chlich aus Kohlendioxid besteht. Ver\u00e4nderungen in der solaren Einstrahlung f\u00fchren aufgrund des sehr niedrigen Oberfl\u00e4chendrucks von nur 4 mbar zu ausgepr\u00e4gten tageszeitlichen Ver\u00e4nderungen in der Atmosph\u00e4re. Teilweise k\u00f6nnen die Temperaturen im Tagesverlauf zwischen -125\u00b0 C und +35\u00b0 C schwanken.&hellip;","_links":{"self":[{"href":"https:\/\/fip-koeln.de\/en_us\/wp-json\/wp\/v2\/pages\/653","targetHints":{"allow":["GET"]}}],"collection":[{"href":"https:\/\/fip-koeln.de\/en_us\/wp-json\/wp\/v2\/pages"}],"about":[{"href":"https:\/\/fip-koeln.de\/en_us\/wp-json\/wp\/v2\/types\/page"}],"author":[{"embeddable":true,"href":"https:\/\/fip-koeln.de\/en_us\/wp-json\/wp\/v2\/users\/1"}],"replies":[{"embeddable":true,"href":"https:\/\/fip-koeln.de\/en_us\/wp-json\/wp\/v2\/comments?post=653"}],"version-history":[{"count":16,"href":"https:\/\/fip-koeln.de\/en_us\/wp-json\/wp\/v2\/pages\/653\/revisions"}],"predecessor-version":[{"id":2069,"href":"https:\/\/fip-koeln.de\/en_us\/wp-json\/wp\/v2\/pages\/653\/revisions\/2069"}],"up":[{"embeddable":true,"href":"https:\/\/fip-koeln.de\/en_us\/wp-json\/wp\/v2\/pages\/76"}],"wp:attachment":[{"href":"https:\/\/fip-koeln.de\/en_us\/wp-json\/wp\/v2\/media?parent=653"}],"curies":[{"name":"wp","href":"https:\/\/api.w.org\/{rel}","templated":true}]}}

<p>Die Mars-Atmosphäre Heutzutage wird der Mars durch seine extrem dünne, trockene und kalte Atmosphäre charakterisiert, die hauptsächlich aus Kohlendioxid besteht. Veränderungen in der solaren Einstrahlung führen aufgrund des sehr niedrigen Oberflächendrucks von nur 4 mbar zu ausgeprägten tageszeitlichen Veränderungen in der Atmosphäre. Teilweise können die Temperaturen im Tagesverlauf zwischen -125° C und +35° C schwanken. [&hellip;]</p>

<!-- This site is optimized with the Yoast SEO plugin v27.4 - https://yoast.com/product/yoast-seo-wordpress/ -->
<title>Neutralatmosphäre - Radio Science</title>
<meta name="description" content="Die Mars Atmosphäre ist durch die geringe Masse des Planeten sehr dünn. Dennoch steht auch sie ganz besonders im Fokus der Forschung." />
<meta name="robots" content="index, follow, max-snippet:-1, max-image-preview:large, max-video-preview:-1" />
<link rel="canonical" href="https://fip-koeln.de/en_us/missionen-und-ziele/mars-express/neutralatmosphaeremars/" />
<meta property="og:locale" content="en_US" />
<meta property="og:type" content="article" />
<meta property="og:title" content="Neutralatmosphäre - Radio Science" />
<meta property="og:description" content="Die Mars Atmosphäre ist durch die geringe Masse des Planeten sehr dünn. Dennoch steht auch sie ganz besonders im Fokus der Forschung." />
<meta property="og:url" content="https://fip-koeln.de/en_us/missionen-und-ziele/mars-express/neutralatmosphaeremars/" />
<meta property="og:site_name" content="Radio Science" />
<meta property="article:modified_time" content="2023-11-13T13:50:13+00:00" />
<meta name="twitter:card" content="summary_large_image" />
<meta name="twitter:label1" content="Est. reading time" />
	<meta name="twitter:data1" content="1 minute" />
<script type="application/ld+json" class="yoast-schema-graph">{"@context":"https:\/\/schema.org","@graph":[{"@type":"WebPage","@id":"https:\/\/fip-koeln.de\/missionen-und-ziele\/mars-express\/neutralatmosphaeremars\/","url":"https:\/\/fip-koeln.de\/missionen-und-ziele\/mars-express\/neutralatmosphaeremars\/","name":"Neutralatmosphäre - Radio Science","isPartOf":{"@id":"https:\/\/fip-koeln.de\/#website"},"datePublished":"2015-07-12T10:43:42+00:00","dateModified":"2023-11-13T13:50:13+00:00","description":"Die Mars Atmosphäre ist durch die geringe Masse des Planeten sehr dünn. Dennoch steht auch sie ganz besonders im Fokus der Forschung.","breadcrumb":{"@id":"https:\/\/fip-koeln.de\/missionen-und-ziele\/mars-express\/neutralatmosphaeremars\/#breadcrumb"},"inLanguage":"en-US","potentialAction":[{"@type":"ReadAction","target":["https:\/\/fip-koeln.de\/missionen-und-ziele\/mars-express\/neutralatmosphaeremars\/"]}]},{"@type":"BreadcrumbList","@id":"https:\/\/fip-koeln.de\/missionen-und-ziele\/mars-express\/neutralatmosphaeremars\/#breadcrumb","itemListElement":[{"@type":"ListItem","position":1,"name":"Startseite","item":"https:\/\/fip-koeln.de\/"},{"@type":"ListItem","position":2,"name":"Missionen und Ziele","item":"https:\/\/fip-koeln.de\/missionen-und-ziele\/"},{"@type":"ListItem","position":3,"name":"Mars Express","item":"https:\/\/fip-koeln.de\/missionen-und-ziele\/mars-express\/"},{"@type":"ListItem","position":4,"name":"Neutralatmosphäre"}]},{"@type":"WebSite","@id":"https:\/\/fip-koeln.de\/#website","url":"https:\/\/fip-koeln.de\/","name":"Radio Science","description":"","publisher":{"@id":"https:\/\/fip-koeln.de\/#organization"},"potentialAction":[{"@type":"SearchAction","target":{"@type":"EntryPoint","urlTemplate":"https:\/\/fip-koeln.de\/?s={search_term_string}"},"query-input":{"@type":"PropertyValueSpecification","valueRequired":true,"valueName":"search_term_string"}}],"inLanguage":"en-US"},{"@type":"Organization","@id":"https:\/\/fip-koeln.de\/#organization","name":"Rheinisches Institut für Umweltforschung Abteilung Planetenforschung","url":"https:\/\/fip-koeln.de\/","logo":{"@type":"ImageObject","inLanguage":"en-US","@id":"https:\/\/fip-koeln.de\/#\/schema\/logo\/image\/","url":"https:\/\/fip-koeln.de\/wp-content\/uploads\/2023\/11\/favicon_radio-science.eu_.jpg","contentUrl":"https:\/\/fip-koeln.de\/wp-content\/uploads\/2023\/11\/favicon_radio-science.eu_.jpg","width":400,"height":400,"caption":"Rheinisches Institut für Umweltforschung Abteilung Planetenforschung"},"image":{"@id":"https:\/\/fip-koeln.de\/#\/schema\/logo\/image\/"}}]}</script>
<!-- / Yoast SEO plugin. -->

Neutralatmosphäre - Radio Science

Die Mars Atmosphäre ist durch die geringe Masse des Planeten sehr dünn. Dennoch steht auch sie ganz besonders im Fokus der Forschung.

Neutralatmosphäre

Rheinisches Institut für Umweltforschung Abteilung Planetenforschung

Die Mars-Atmosphäre Heutzutage wird der Mars durch seine extrem dünne, trockene und kalte Atmosphäre charakterisiert, die hauptsächlich aus Kohlendioxid besteht. Veränderungen in der solaren Einstrahlung führen aufgrund des sehr niedrigen Oberflächendrucks von nur 4 mbar zu ausgeprägten tageszeitlichen Veränderungen in der Atmosphäre. Teilweise können die Temperaturen im Tagesverlauf zwischen -125° C und +35° C schwanken.&hellip;
